at is 21 + 18054189?
18054210
In base 16, what is 2f1eb + 5?
2f1f0
In base 10, what is -8176 - 38071?
-46247
In base 10, what is 6 - -9755613?
9755619
In base 7, what is 1333265 - -3?
1333301
In base 2, what is 1010001 + -10100110011010111110?
-10100110011001101101
In base 4, what is -20222 + 11022003?
11001121
In base 13, what is -924299 - 22?
-9242bb
In base 10, what is 231919 + 8?
231927
In base 8, what is -6646062 + -7?
-6646071
In base 15, what is -4b - 3576?
-35c2
In base 7, what is -451403 + 416?
-450654
In base 3, what is -1020110 + 100202?
-212201
In base 4, what is 1030120331 + -120?
1030120211
In base 6, what is 45055 + 42341?
131440
In base 2, what is 100 + 11010001010011100111?
11010001010011101011
In base 8, what is 117432704 - 1?
117432703
In base 10, what is 2170845 - 5?
2170840
In base 5, what is 1441111200 + 2?
1441111202
In base 11, what is -5 - 4029625?
-402962a
In base 5, what is 12303111101 - 2?
12303111044
In base 5, what is -13004102 + 3243?
-13000304
In base 16, what is 7f248a + b?
7f2495
In base 6, what is 3510531503 - -4?
3510531511
In base 3, what is 10220112021101 - -210120?
10220120001221
In base 5, what is 441433433 + 20?
441434003
In base 6, what is -233125025 + -1215?
-233130244
In base 14, what is 7 - 15b73a?
-15b733
In base 12, what is -6292 + a030?
395a
In base 14, what is -23c2 + 3802?
1420
In base 16, what is -12363 - 0?
-12363
In base 12, what is 860881 - 17?
860866
In base 13, what is -10 + 47c03?
47bc3
In base 12, what is 2 + -1a29b64?
-1a29b62
In base 14, what is 703 + 1456?
1b59
In base 11, what is -4a57549 - a?
-4a57558
In base 16, what is 12 + 39c9f1?
39ca03
In base 10, what is -25965 - -1604?
-24361
In base 5, what is -2100042 - -11?
-2100031
In base 10, what is 9 - -1758210?
1758219
In base 7, what is -154 + 30631061?
30630604
In base 5, what is -40210231 - 3021?
-40213302
In base 14, what is 4 + 23853d6?
23853da
In base 12, what is -41 - -9961b5?
996174
In base 6, what is -3400031234 - 2?
-3400031240
In base 11, what is -1 + -1843059a?
-184305a0
In base 16, what is -554 - a5e4?
-ab38
In base 16, what is 2f - -17b513?
17b542
In base 12, what is -a - 8270049?
-8270057
In base 12, what is 23 + -1326220?
-13261b9
In base 5, what is 102 - -133410443?
133411100
In base 15, what is 10 + 247529?
247539
In base 9, what is 4874 - 610?
4264
In base 8, what is 6436 - 246116?
-237460
In base 13, what is 7a15 - -1b3?
7bc8
In base 7, what is -463 - -42205?
41412
In base 10, what is -23 + 351036?
351013
In base 9, what is 22035 + -36747?
-14712
In base 9, what is 362 - -3164?
3536
In base 4, what is -1033120 + -10321332?
-12021112
In base 2, what is 1001111100100001000101111 + 1?
1001111100100001000110000
In base 16, what is -15c556 + 35?
-15c521
In base 2, what is -1 + -10000001001000110111000?
-10000001001000110111001
In base 2, what is -101 + 11010110010001010100100011?
11010110010001010100011110
In base 7, what is -2 - -15401254?
15401252
In base 3, what is -2211 - -20110000210102?
20110000200121
In base 4, what is -3310310331203 + -3?
-3310310331212
In base 16, what is -59 - cbad?
-cc06
In base 15, what is a + 3542a?
35435
In base 14, what is -4 - -50a745?
50a741
In base 7, what is 14603 + 101112?
116015
In base 8, what is 30112 - 5400?
22512
In base 15, what is 5 - -1cbc1e8?
1cbc1ed
In base 12, what is 113392 + 1702?
114a94
In base 10, what is -732 + 205127?
204395
In base 4, what is 2230230211 - -10031?
2230300302
In base 15, what is 653a8c + -2?
653a8a
In base 8, what is 161564261 + 47?
161564330
In base 14, what is b39 - 1b75?
-103a
In base 3, what is 2212012100110220 + -2?
2212012100110211
In base 10, what is 100700 + -193?
100507
In base 10, what is 171647206 - 8?
171647198
In base 3, what is 22000022022000 + 100?
22000022022100
In base 12, what is 3a48b + 153?
3a622
In base 12, what is 554309 - -a8?
5543b5
In base 4, what is 110203312133 - 100?
110203312033
In base 12, what is 12710a8a5 + 2?
12710a8a7
In base 12, what is -4 + 5bb615?
5bb611
In base 5, what is 4021143411220 + -2?
4021143411213
In base 15, what is 5 + 27a931?
27a936
In base 5, what is 103 + -104001332?
-104001224
In base 15, what is -6e - -1939?
18ba
In base 9, what is -18302 + 238?
-18053
In base 2, what is 10 - -101100000001100001000110011?
101100000001100001000110101
In base 16, what is -45a8 + 314?
-4294
In base 4, what is 10 - 102013113113?
-102013113103
In base 16, what is 336d8f1 + -5?
336d8ec
In base 4, what is 2012 - 12021232332?
-12021230320
In base 11, what is -838 + -100a?
-1847
In base 14, what is -68c813 + 8?
-68c809
In base 8, what is 105640 - 5724?
77714
In base 4, what is 1123302222321 - -10?
1123302222331
In base 8, what is 1220 - 7643?
-6423
In base 3, what is -2200011 + 111222120?
102022102
In base 15, what is 8b + -2383ec?
-238361
In base 3, what is 2011 + -112000011112202?
-112000011110121
In base 9, what is 13337 + 1087?
14435
In base 10, what is -3600626 - 0?
-3600626
In base 8, what is 10000 - -473107?
503107
In base 15, what is -1403777 + -d?
-1403785
In base 11, what is 2359 + 1a40?
4299
In base 11, what is -15 - -260826?
260811
In base 7, what is -255 - -210130?
206542
In base 11, what is 4 + -2689432?
-2689429
In base 13, what is 5 + -14bcc0?
-14bcb8
In base 2, what is -1100100011001100101010 + 1001?
-1100100011001100100001
In base 2, what is 1010101011010011 - -10100001?
1010101101110100
In base 14, what is -3 + -7996ca?
-7996cd
In base 16, what is 352bc + -c24?
34698
In base 9, what is 30 - 444752?
-444722
In base 11, what is -3854 - -759a1?
72148
In base 7, what is 131 + 4103465?
4103626
In base 9, what is 3 + -1370568?
-1370565
In base 7, what is -106050040 - -10?
-106050030
In base 16, what is 522173 - 5e?
522115
In base 16, what is -23074ca - -1?
-23074c9
In base 11, what is 1 + -255a4186?
-255a4185
In base 8, what is 4144 - -14011?
20155
In base 10, what is 1 - 276387?
-276386
In base 4, what is 10 - -30023213133?
30023213203
In base 7, what is 62333433 + -3?
62333430
In base 13, what is -457 + -6441?
-6898
In base 4, what is -112 + 3302123?
3302011
In base 9, what is 1400514 + -262?
1400242
In base 10, what is 9 + 2031314?
2031323
In base 11, what is -4 - -2622a7?
2622a3
In base 14, what is -440101 + -11b?
-44021c
In base 15, what is 3577998 - 7?
3577991
In base 8, what is 1 - -167506271?
167506272
In base 6, what is 2341 + 2400512?
2403253
In base 2, what is -101110100 + 1000111111000000011?
1000111110010001111
In base 16, what is -151 - 75dd?
-772e
In base 15, what is 173d739 + -13?
173d726
In base 10, what is 62141535 - 5?
62141530
In base 3, what is -11 - 1010121012011202?
-1010121012011220
In base 5, what is -4 - 30333243400?
-30333243404
In base 4, what is -110011030 - -1322?
-110003102
In base 14, what is -36052b - 3?
-360530
In base 3, what is -2000101121 + -2102?
-2000111000
In base 5, what is -4422 - 221441301?
-222001223
In base 14, what is -178 + -2b390d?
-2b3a87
In base 2, what is -110 + -1111100000011101010001100?
-1111100000011101010010010
In base 8, what is -11633301220 - -2?
-11633301216
In base 11, what is 42a34 - 36?
429a9
In base 8, what is -233354525 - 0?
-233354525
In base 13, what is -2b6bc03 + 0?
-2b6bc03
In base 5, what is 31234422 + -3?
31234414
In base 14, what is 50 + -358?
-308
In base 11, what is 22a180 + 1?
22a181
In base 4, what is 30 - 222311000?
-222310310
In base 16, what is 1669fd0a - 3?
1669fd07
In base 11, what is -35a283 - -505?
-359879
In base 12, what is -3 - -382ab56a?
382ab567
In base 12, what is 45b - -100?
55b
In base 4, what is -222203110320 + -20?
-222203111000
In base 4, what is -2 + -2023120320013?
-2023120320021
In base 2, what is 111100101001110000110111 - -110100?
111100101001110001101011
In base 9, what is -150 - -56131?
55871
In base 12, what is -616 - -a8713?
a80b9
In base 4, what is -1210002 - 23201?
-1233203
In base 16, what is 3 - 7ecc17?
-7ecc14
In base 14, what is -15bb760 + 5?
-15bb759
In base 8, what is -12406 - 14650?
-27256
In base 7, what is 100456564 - 23?
100456541
In base 5, what is 44201222243 + 20?
44201222313
In base 12, what is -71 - -8638?
8587
In base 6, what is 144424352422 + -4?
144424352414
In base 6, what is 54423 + 12431?
111254
In base 11, what is 9 + -685100?
-6850a2
In base 16, what is -3c - 138ea9?
-138ee5
In bas